{"id":2662,"date":"2026-01-29T09:37:40","date_gmt":"2026-01-29T09:37:40","guid":{"rendered":"https:\/\/paukert.ch\/new\/?page_id=2662"},"modified":"2026-03-19T14:23:44","modified_gmt":"2026-03-19T14:23:44","slug":"vitaltiy","status":"publish","type":"page","link":"https:\/\/paukert.ch\/new\/vitaltiy\/","title":{"rendered":"Vitaltiy"},"content":{"rendered":"\n<p>Vitalit\u00e4t beginnt in dir \u2013 f\u00fcr ein gesundes, energiegeladenes Leben. Gesund, stark und vital zu sein, ist ein Geschenk, das du dir selbst machen kannst. <\/p>\n\n\n\n<p>Dein K\u00f6rper ist dein wertvollstes Gut \u2013 h\u00f6r auf ihn, schenke ihm Bewegung, Energie und Liebe. Vitalit\u00e4t entsteht, wenn K\u00f6rper, Geist und Seele im Einklang sind. Und das Sch\u00f6ne: Jeder Tag bietet neue M\u00f6glichkeiten, dich selbst zu sp\u00fcren, zu wachsen und dein Wohlbefinden zu steigern. <\/p>\n\n\n\n<p>Fang heute an, kleine, bewusste Schritte zu gehen \u2013 dein K\u00f6rper und dein Geist werden es dir danken. Jede Bewegung, jeder bewusste Atemzug, jede gesunde Mahlzeit bringt dich deinem besten Ich n\u00e4her.<\/p>\n","protected":false},"excerpt":{"rendered":"<p>Vitalit\u00e4t beginnt in dir \u2013 f\u00fcr ein gesundes, energiegeladenes Leben. Gesund, stark und vital zu sein, ist ein Geschenk, das du dir selbst machen kannst. Dein K\u00f6rper ist dein wertvollstes Gut \u2013 h\u00f6r auf ihn, schenke ihm Bewegung, Energie und Liebe. Vitalit\u00e4t entsteht, wenn K\u00f6rper, Geist und Seele im Einklang sind. Und das Sch\u00f6ne: Jeder&#8230;<\/p>\n","protected":false},"author":1,"featured_media":0,"parent":0,"menu_order":0,"comment_status":"closed","ping_status":"closed","template":"","meta":{"_kadence_starter_templates_imported_post":false,"_kad_post_transparent":"","_kad_post_title":"","_kad_post_layout":"right","_kad_post_sidebar_id":"sk694_169wvh","_kad_post_content_style":"","_kad_post_vertical_padding":"","_kad_post_feature":"","_kad_post_feature_position":"","_kad_post_header":false,"_kad_post_footer":false,"_kad_post_classname":"","footnotes":""},"class_list":["post-2662","page","type-page","status-publish","hentry"],"_links":{"self":[{"href":"https:\/\/paukert.ch\/new\/wp-json\/wp\/v2\/pages\/2662","targetHints":{"allow":["GET"]}}],"collection":[{"href":"https:\/\/paukert.ch\/new\/wp-json\/wp\/v2\/pages"}],"about":[{"href":"https:\/\/paukert.ch\/new\/wp-json\/wp\/v2\/types\/page"}],"author":[{"embeddable":true,"href":"https:\/\/paukert.ch\/new\/wp-json\/wp\/v2\/users\/1"}],"replies":[{"embeddable":true,"href":"https:\/\/paukert.ch\/new\/wp-json\/wp\/v2\/comments?post=2662"}],"version-history":[{"count":9,"href":"https:\/\/paukert.ch\/new\/wp-json\/wp\/v2\/pages\/2662\/revisions"}],"predecessor-version":[{"id":2783,"href":"https:\/\/paukert.ch\/new\/wp-json\/wp\/v2\/pages\/2662\/revisions\/2783"}],"wp:attachment":[{"href":"https:\/\/paukert.ch\/new\/wp-json\/wp\/v2\/media?parent=2662"}],"curies":[{"name":"wp","href":"https:\/\/api.w.org\/{rel}","templated":true}]}}